 = -5*p. What is the units digit of o?
1
Suppose 16*r = 8*r + 41480. What is the units digit of r/15 + 1 - 2/3?
6
Let f(p) = -p**3 + 38*p**2 + 113*p - 80. What is the thousands digit of f(39)?
2
Suppose -4*s = -5*d - 12813 - 8257, 3*d = 16*s - 84314. What is the hundreds digit of s?
2
Let n = -72525 - -102018. What is the ten thousands digit of n?
2
Let q = -251 - 106. Let f = -295 - q. What is the tens digit of f?
6
What is the thousands digit of (2 - -7)/(((-3)/1619*2)/(-10))?
4
Suppose 0*z - 5*z = 5*a - 20, -z = -1. Suppose 4*m + 2*g - 806 = 0, -a*m + 617 = -0*m + 4*g. What is the tens digit of m?
9
Let h(j) = -j**2 - 8*j + 53. Let m be h(-12). What is the hundreds digit of (-4 + m)/((-8)/(-4952))?
6
Suppose 0*j + 3*j + 9 = 0, -5*c + 5*j = -390. What is the units digit of (-3995)/(-8) + c/(-200)?
9
Let f = 892 + -899. What is the units digit of (0 - -32)*(-4 - (2 + f))?
2
Let r(a) = -5442*a**2 - 8*a - 7. Let y be r(-1). Let v = -3698 - y. What is the hundreds digit of v?
7
Let r be (8 + -18)*2*(-1 - 37). Suppose 3422 = 2*d - 4*t - r, 0 = -t + 3. What is the thousands digit of d?
2
Suppose -478*u = 139*u - 164*u - 16207434. What is the units digit of u?
8
Let y(r) = 34*r - 106. Suppose -2*p = -29*p + 567. What is the units digit of y(p)?
8
Suppose -c = -4*c + 30. Suppose -r + c = -37. Suppose f + 5*i = r, 2*f - 4*i + 236 = 6*f. What is the units digit of f?
2
Suppose -4*n - 13619 = -3*l, n = -2*l - 0*n + 9094. What is the hundreds digit of 12/10*l/(-81)*-6?
4
Let o be 26/117 + (1 - 106/(-9)). Suppose 3*s = -n + o, -2*s - 5*n - 5 = -s. Suppose -s*j - v = -230, -v = 3*j + 3*v - 155. What is the units digit of j?
5
Suppose -20*j = -32*j + 115308. What is the hundreds digit of j?
6
Let c be ((-1410)/(-8))/((17/(-8))/(-17)). Let l = -458 + c. What is the units digit of l?
2
Suppose 3*t = 87 + 69. Let x be (6 - t) + 1*-1. Let i = 117 + x. What is the tens digit of i?
7
Suppose z = -4*l + 992, -2*z = l - 241 - 14. Let i = l - 16. What is the units digit of i?
1
Let f = -25539 - -54093. What is the thousands digit of f?
8
Let j be (-727)/(-8 + 138/18). Let k = -926 + j. What is the tens digit of k?
5
Let s be (-12)/(-8)*(-56)/(-21). Suppose 4214 = s*a + x, 1 = -4*x + 9. What is the tens digit of a?
5
What is the hundreds digit of ((-413)/(-826))/((1 + 1)/8024)?
0
Let u(o) = -109*o**3 + o**2 - o. Let q be u(2). Let z = q - -1386. What is the units digit of z?
6
Let v(a) = 57*a**3 - 4*a - 5. Let k be v(-2). Let h = 688 + k. What is the units digit of h?
5
Let x(n) = -38*n**3 + 2*n**2 - 5*n + 4. Let q be x(2). Let v = q - -511. What is the tens digit of v?
0
Let i(z) = -2*z**3 - 261*z**2 - 865. What is the hundreds digit of i(-131)?
2
Let u = -97 - -302. Suppose -4*r + x - 107 = -5*r, 2*r - x = u. Suppose 4*t + 0*t = -4*w + r, -w - 2*t + 29 = 0. What is the tens digit of w?
2
Let m(q) be the third derivative of 7*q**4/4 + 26*q**3/3 + 18*q**2 + 2. What is the tens digit of m(6)?
0
Suppose 0 = 6*g - 11*g + 15. Let f be ((-14)/(-4))/(g/6). Let q = f + 14. What is the tens digit of q?
2
What is the hundreds digit of 27509 + -3 + (0 - -10) + 0?
5
Let u(a) = a**3 + 91*a**2 + 45*a + 1062. What is the hundreds digit of u(-90)?
1
Suppose -157*n + 1649803 = -2237537 + 686895. What is the tens digit of n?
8
Let s be -4*(2 + 153/(-6)). Suppose a + 4*o = 39, 3*a - o - s + 3 = 0. What is the tens digit of a?
3
Suppose 15*u = 50 - 4130. Let o = 925 + u. What is the hundreds digit of o?
6
Let m(h) = 863*h + 13. Let p be (4/14)/((-12)/336*-4). What is the tens digit of m(p)?
3
Let f(s) = -s**2 - 41*s - 3. Let c be f(-34). Let v = c + 84. What is the units digit of v?
9
Suppose -2*m - 77 = -k, -5*k - 3 = -4*k. Let u = m + 24. Let r(a) = -8*a + 2. What is the hundreds digit of r(u)?
1
Let i = 55806 + -30112. What is the thousands digit of i?
5
Let j(w) = -47*w + 47 - 117*w + 36*w. What is the tens digit of j(-12)?
8
Let b be (10/6 - 45/27) + 421. Suppose v - b = 205. What is the units digit of v?
6
Suppose t = 4*r - 1475, 2*t = -0*t - 5*r - 2924. Let h = -424 - t. What is the hundreds digit of h?
0
Suppose -4447 = -g - 28*z + 27*z, 0 = -2*g + 3*z + 8894. What is the hundreds digit of g?
4
Let g be (-354)/11 - (-1 + 18/22). What is the units digit of g*(8/(-4) + (-3)/(-12))?
6
Let d be (-20)/(-3)*(-3)/(-2). Suppose -d*j - 2*j = -j. Suppose j = -3*c - 0*c + 261. What is the tens digit of c?
8
Let i(s) be the second derivative of -271*s**3/2 + 8*s**2 - 2*s + 7. What is the hundreds digit of i(-1)?
8
Suppose 12*k - 1069503 = -3*k + 3*g, -356498 = -5*k - 2*g. What is the thousands digit of k?
1
Let y(a) = -72*a - 841. Let c be y(-15). Let t = -56 - 71. Let k = t + c. What is the tens digit of k?
1
Let b(u) = -u**2 - 22*u - 55. Let x be b(-19). Suppose -2*k - x*k - 4*i + 456 = 0, 0 = -5*k + 4*i + 552. What is the tens digit of k?
1
Let d(f) = -22*f**3 + 15*f**2 + 35*f + 135. What is the thousands digit of d(-9)?
7
What is the tens digit of 3/(((-2)/(-8))/(36/432)) - -7091?
9
Suppose -7*m = -4*m - 96. Suppose 5*o - m + 32 = 0. What is the tens digit of (1 + (-6 - -3))*(-29 + o)?
5
Let q(a) = -a**2 + 4*a + 5. Let t be q(-1). Let n be t/(-1)*(0 + -1). Let x = n - -11. What is the tens digit of x?
1
Let z(y) = -y**2 + 3*y + 40. Let g be z(8). Suppose -2*b - b + 15 = g. Suppose 73 = h + b*v, 2*h + 3*v = 4*h - 198. What is the tens digit of h?
9
Let s(d) = -13*d + 3 - 3 + 7*d**2 - 2 - 2. What is the tens digit of s(10)?
6
Suppose -11*t - 32 + 208 = 0. What is the tens digit of (t/(-64))/((-1)/6)*94?
4
Suppose 1 = 3*d - 5. Suppose 0 = -d*w + 2*t + t, t - 2 = 0. Suppose -w*b + s + 546 = 0, 0 = -b - s + 263 - 77. What is the tens digit of b?
8
Let h = 13914 - -428. What is the hundreds digit of h?
3
Let a = 46 + -26. Let w be (-13)/5 + 0 - (-12)/a. What is the tens digit of 1*(w + 135) - -3?
3
Suppose -5*s + 169 - 159 = 0, 5*s - 5526 = -4*a. What is the thousands digit of a?
1
Let c(y) = -402*y - 19. Let t be c(-2). Suppose -3*l = d - t, 1101 = 3*d + l - 1278. What is the hundreds digit of d?
7
Let w = 14608 - -5394. What is the units digit of w?
2
Let n(w) = -123*w - 18. Let u be n(-6). Let z = 1140 - u. What is the hundreds digit of z?
4
Suppose -4*r + 4*n = -165856, -r + 6*n = -15625 - 25824. What is the tens digit of r?
6
Let s(q) = 5*q**2 + 19*q - 93. Let t be s(5). Let w = t - 65. What is the tens digit of w?
6
What is the thousands digit of (114148/(-10))/(8/(-12)) + (-176)/(-220)?
7
Suppose -4*x + 17590 = -3*n - 10220, 3*n = 2*x - 13896. What is the hundreds digit of x?
9
Let o be -6*(-6)/9 + (1 - 3). Suppose -f + o*f - 60 = 0. Suppose -5*u - f + 425 = 0. What is the units digit of u?
3
Let j be ((-16)/14)/((-2)/7). Suppose 3*d = j*k + 152, -3*k + 3*d + d - 107 = 0. Let h = k - -205. What is the tens digit of h?
6
Let z(p) = 47*p - 2. Let w be (1/(-3))/(2/(-48)). Let q be z(w). Suppose 0 = -5*o + 191 + q. What is the units digit of o?
3
Suppose 4*l = 4*d - 22836, -5*d + l + 16524 = -11989. What is the thousands digit of d?
5
Suppose -38*v = -30*v - 272. What is the units digit of v/(-51) + (-1864)/(-6) + -1?
9
Let p(u) = -121*u**3 - 7*u**2 - 71*u - 72. What is the ten thousands digit of p(-5)?
1
Let y(m) be the third derivative of 1/20*m**5 + 0*m + 29*m**2 - 13/6*m**3 + 0 - 5/8*m**4. What is the tens digit of y(8)?
5
Let c = 317 + 347. Suppose 5*u - u = c. Let y = 393 - u. What is the hundreds digit of y?
2
Let k = -23 - -41. Let t(o) = o + 150 + 155 - 293. What is the units digit of t(k)?
0
Let l(p) = 10*p**2 + 25*p + 68. Let w be l(-16). Suppose 9*o - 4*m + w = 11*o, -4504 = -4*o + 4*m. What is the thousands digit of o?
1
Let q(c) = 106*c**2 + 2*c. What is the units digit of q(-4)?
8
Let r(f) = f - 3. Let s be r(6). Let a be 121 - s - (-4 - -2). Let u = 309 - a. What is the tens digit of u?
8
Let v(t) = t**3 - 67*t**2 - 399*t - 328. What is the units digit of v(76)?
2
Let t(r) = 338*r - 1052. What is the thousands digit of t(25)?
7
Let r(c) = 2*c**2 + 12*c - 9. Suppose 5*y + 56 = 11. Let o be r(y). What is the units digit of o - (-3 - 1*(1 + -3))?
6
Suppose 74 = 7*y - 4*y + l, 2*y - 48 = -2*l. Let v = y + -24. What is the units digit of 26/(((-1)/(-2))/v)?
2
Let l(j) = j**3 - 7*j**2 - 21*j + 25. Let m be l(9). Let f(r) = -49*r - 58. What is the tens digit of f(m)?
4
Supp